o(z) = 2*z - 9. Calculate o(p).
3
Let g(b) be the first derivative of -b**3/3 - b**2 + 3*b - 3. Suppose 0*h + h = 7. Suppose 0 = -m + 3*r, -4*r = 2*m - 3*r + h. Calculate g(m).
0
Let j(w) = 2*w + 46. Let t be j(-17). Suppose -h + 5*l - t = 0, -4*l + 3 = -4*h + l. Let b(g) = g**3 - 4*g**2 + 2*g + 3. Calculate b(h).
0
Let v(b) be the first derivative of -b**6/120 + b**5/20 + 2*b**3/3 + 20*b**2 - 26. Let h(x) be the second derivative of v(x). Determine h(3).
4
Let a(y) be the second derivative of 0 - 41*y + 4/3*y**3 - y**2. Give a(2).
14
Let o(r) = -142*r**2 - 24*r - 4 + 141*r**2 + 20*r. Calculate o(-3).
-1
Let f(t) be the first derivative of 6 + t**3 + 0*t**2 + 0*t + 1/360*t**6 + 1/24*t**4 + 1/120*t**5. Let b(l) be the third derivative of f(l). What is b(-2)?
3
Let r(w) = w**3 - 3*w**2 + w - 1. Let b be r(3). Suppose 2 + 56 = 3*f - b*z, 3*z = f - 17. Let l be f/(-60) - (-11)/(-3). Let h(o) = -3*o - 5. Determine h(l).
7
Suppose 0*n = 5*n. Suppose n = a + 2*a. Suppose 0 = -a*u + u - 1, -3*f - 2*u = -20. Let g(y) = -y**3 + 6*y**2 - y + 2. Give g(f).
-4
Suppose 5 = -62*h - 57. Let z(x) = 8*x + 26. Let r(q) = q + 3. Let i(v) = -52*r(v) + 6*z(v). Give i(h).
4
Suppose -5*r = -4*h + 5*h - 20, 2*r - 5*h = 8. Let y(v) be the third derivative of 0*v**r + 0 - 1/60*v**5 + 0*v + 1/6*v**3 + 4*v**2. What is y(2)?
-3
Let u(m) = -5*m**2 + m - 1. Let o be u(1). Let i(n) be the second derivative of n**5/20 + 5*n**4/12 - n**3/6 - n**2 + 248*n. Calculate i(o).
3
Let j = -569 + 567. Let k(c) = c**3 - 3*c**2 + 1. Calculate k(j).
-19
Let w(s) be the second derivative of -s**7/2520 - s**6/240 - s**5/40 - s**4/2 - 8*s. Let k(z) be the third derivative of w(z). What is k(-3)?
-3
Suppose c - 2 - 15 = -3*f, 3*c - 3*f = 39. Suppose d = -d - c. Let n(x) = -x - 1. Calculate n(d).
6
Let p(d) = d**2 + 5*d - 1. Suppose o + 18 = -3*m, -m + 3*o - 10 = -4. Suppose -4*b - 8 = -4. Let u = m - b. Give p(u).
-1
Let v(o) = o**3 - 7*o**2 + 3*o + 7. Let r be v(7). Suppose 2*q - 5*h = -r, 6*q + 3*h - 4 = 4*q. Let l(i) = 2*i + 5. Give l(q).
-3
Suppose -35 = 14*b + 77. Let i(y) be the first derivative of -y**4/4 - 8*y**3/3 - y**2 - 8*y - 3. Calculate i(b).
8
Let a(j) = j**2 - 1. Let x = -4 + 24. Let c = -6 + x. Let d(w) = -w**2 + 14*w + 2. Let m be d(c). Calculate a(m).
3
Let y(k) = -k**3 + 6*k**2 + 5*k - 6. Let r be y(6). Let b = r + -28. Let h(v) = -v. Give h(b).
4
Let t(z) be the second derivative of 2*z**4/3 - 3*z**2/2 - z - 98. Determine t(-3).
69
Let z(k) = 3*k + 5. Let d(g) = 3*g + 6. Let t(f) = 2*d(f) - 3*z(f). Let v be t(-3). Let x(o) = -o + 9. What is x(v)?
3
Let k = -3 + 6. Let j(i) = -i**2 + 4*i - 1. Let c(x) = -4*x**2 + 16*x - 4. Let r(n) = -2*c(n) + 9*j(n). Determine r(k).
2
Let k(g) = 1 + 68*g**2 + 5*g - 4*g**3 - 66*g**2 - 3*g. Suppose -3*b - 6 = f - 2, 2 = -5*f + 3*b. Calculate k(f).
5
Let k(g) be the second derivative of -1/2*g**2 + 0 - 1/12*g**4 + 5*g + 1/2*g**3. What is k(4)?
-5
Let h(u) be the first derivative of u**4/4 + 2*u**3 - 7*u - 18. Suppose 0 = 4*y - 4*k + 48, -5*y = k - 4*k + 70. Let o = y - -11. What is h(o)?
-7
Let z(f) be the first derivative of 3*f**2/2 - 2*f - 1. Suppose -4 = -u + 1. Suppose 3*s - 4 = s - g, 4*g + 23 = u*s. What is z(s)?
7
Let j be 1*1*-1 - 0. Let p(a) = -6*a**2 - 4*a + 21. Let r(x) = 30*x**2 + 23*x - 115. Let d(c) = -11*p(c) - 2*r(c). Calculate d(j).
7
Let r(q) = -2*q - 4. Suppose -5*t - d - 13 = 0, -3*t - 2*d = -d + 7. Let a be r(t). Let w(u) be the first derivative of -u**2/2 + 2*u - 550. What is w(a)?
0
Suppose -6 = 4*x - 6*x. Let o be (x + -2)*(2 + 0). Let g(a) = -3*a**3 + 0*a + o*a**3 + 3 - 2*a + 7*a - 4*a**2. What is g(-5)?
3
Let i(d) = 29*d**3 - 56*d**2 + 4*d + 44. Let b(m) = 8*m**3 - 14*m**2 + m + 11. Let j(h) = -11*b(h) + 3*i(h). Calculate j(-14).
-3
Let f(d) = -5 - 2*d + 551*d**2 - 4*d - 552*d**2 + 0. Let z(u) = u**3 - 5. Let i be z(0). Calculate f(i).
0
Let u(b) = 154*b**3 - 48 - b + 46 + b**2 - 156*b**3 + 4*b**2. Give u(3).
-14
Let s(z) = z**2 + 1. Let x(m) = 11*m**2 + 4*m + 6. Let r be x(-2). Let k be ((-3)/(-2))/(r/(-56)). Determine s(k).
5
Let f(s) = -s**2 - 1. Let d(o) = 4*o**2 - 4*o + 7. Let b(n) = d(n) + 3*f(n). Give b(5).
9
Let u be (4/2 - 1)*1*-3. Let r be u/6*-2 + 0. Let t(w) = -9*w**3 - 2*w**2 + 2*w - 1. Determine t(r).
-10
Let g(a) = 3*a - 2. Let c(s) be the third derivative of 5*s**4/24 - 37*s**3/6 + 24*s**2. Let j be c(7). Give g(j).
-8
Suppose 0 = -7*s - 0 + 21. Let d(t) = 6*t + 7 - 4*t**2 + 7*t - t**s - 5*t. What is d(-5)?
-8
Let t(g) = -g**3 + 5*g**2 + 7*g - 1. Let f be t(6). Let u(w) be the second derivative of -7/6*w**3 + 1/12*w**4 - 9*w + 3 + 2*w**2. Calculate u(f).
-6
Suppose -52*a + 54*a - 5*l - 8 = 0, -3*a = -3*l - 3. Let j(k) = 13*k. Calculate j(a).
-13
Let n(p) = -p**2 + 5*p + 6. Let a be n(6). Let c(g) = 9*g**2 + 72*g - 45. Let l(y) = -5*y**2 - 41*y + 24. Let s(z) = 4*c(z) + 7*l(z). Give s(a).
-12
Suppose 3 = -2*l + 1. Let v be 10/35 - 5/(-7). Let x(m) = m + 7*m + 2*m + v - 9*m. Determine x(l).
0
Let d(a) be the second derivative of -a**4/12 + a**2/2 - a - 4. Suppose 0 = 2*t + 2*t + 4. Determine d(t).
0
Let p = 43 - 37. Let f(d) = -2*d + 11. Give f(p).
-1
Let t(w) = -3*w. Let g(d) = -d**2. Let s(p) = -p**3 - p**2 + p + 1. Let f(q) = -g(q) - s(q). Let a be f(-1). Calculate t(a).
-3
Let m(h) = h**2 - h + 0*h**2 - 3*h + 0 - 1. Determine m(7).
20
Let x(p) = -p**2 - 5*p. Let f = 143 - 147. Determine x(f).
4
Let j(a) = -5*a - 25. Let g be (-8)/(-2)*186/(-124). What is j(g)?
5
Let o(t) = 3*t. Let p(z) = -z. Let s be p(-4). Give o(s).
12
Let p(b) = -b**3 + 3*b**2 + 4*b + 3. Suppose -3*o + 5*g - 166 = 0, 0 = -o - 5*g - 0*g - 82. Let q be o/(-15) - (-10)/(-75). Give p(q).
3
Let x(o) = -o**2 + 11*o - 4. Suppose 0 = 2*l - 34 + 12. Let v be x(l). Let z(w) be the first derivative of w**3/3 + 9*w**2/2 + 5*w + 1. What is z(v)?
-15
Let z = -26 + 32. Let x = 7 - 1. Let b(i) = 9*i - 11. Let d(t) = -5*t + 6. Let l(h) = x*b(h) + 11*d(h). Give l(z).
-6
Let j(b) = 0 + 4 - 82*b + 88*b - 5. Determine j(4).
23
Let q(j) = -2*j**2 - 21*j - 15. Let f(d) = 3*d**2 + 32*d + 23. Let v(s) = 5*f(s) + 7*q(s). Calculate v(-11).
-12
Suppose -3*j + 2 = -1. Suppose j = -3*d - 2. Let a(n) = -39*n - 30. Let k(i) = 5*i + 4. Let s(o) = -2*a(o) - 15*k(o). Calculate s(d).
-3
Let t(r) = 6*r + 5. Let j(o) = -6*o - 13. Let u(l) = -2*j(l) - 3*t(l). Calculate u(4).
-13
Let l(q) = 2*q - 4. Let i(w) = -4*w + 7. Let n(y) = 6*i(y) + 11*l(y). Let z(m) = 3*m + 4. Let k(j) = 5*n(j) + 3*z(j). Suppose -a = 3*a + 24. What is k(a)?
8
Let l(c) be the second derivative of 0 - 1/12*c**5 - 7*c + 1/12*c**4 + 1/3*c**3 + 1/120*c**6 + c**2. Let t(s) be the first derivative of l(s). Calculate t(5).
12
Let h(f) = f**2 - 3*f - 7. Let q(b) = -b**2 + 4*b + 7. Let o(a) = 4*h(a) + 3*q(a). What is o(5)?
18
Suppose m - 2*n + 6*n = 12, 0 = -m - 2*n + 8. Suppose -19*i = -17*i - 12. Let l(c) = 1 - i - 14*c**2 + 6*c + c**3 + 9*c**2. Determine l(m).
3
Let t(n) = n**3 + 7*n**2 + 8*n - 8. Suppose 10 = -3*d + d. Let c be t(d). Let k(j) = -2*j**3 + 3*j**2 - 2*j + 3. What is k(c)?
-5
Let c(q) = -q + 1. Let o(g) = -g**2 + g + 6. Let x(f) = -c(f) + o(f). Let p = 51 - 47. Determine x(p).
-3
Let u(w) = w**3 + 6*w**2 - 8*w - 6. Let x = -4 - -6. Let m(f) = -f**2 + f + 1. Let c(r) = x*m(r) + u(r). Determine c(-5).
1
Let m(a) = -4*a + 18. Let s be m(7). Let t(n) = n + 9. Determine t(s).
-1
Let v(d) = -5*d + 21. Let z(q) = -14*q + 57. Let o(b) = -11*v(b) + 4*z(b). Suppose 5*f - 3*a + 30 = 0, -2*a - 3 = 3*f - 4. Determine o(f).
0
Let y = 23 + -33. Let k = 15 + y. Suppose -k*v = -v - 8. Let i(h) = h**2 - h - 1. Determine i(v).
1
Let c(q) = 3*q - 36. Let d be 1 + (-4 - -2) + 11. Determine c(d).
-6
Let n(c) = -3 - c - 6 + 7. What is n(-4)?
2
Let k(w) = 9 + 13*w + 3*w**2 - 15*w - 17*w**3 + 18*w**3. Determine k(-4).
1
Let h(v) = -v - 9. Let g(j) = -j - 1. Let a be -5 + (2 + 4)/2. Let m be g(a). Suppose 0 = 6*q + 41 + m. Give h(q).
-2
Let f(u) = 8*u**2 + 5 + 8*u**2 - 14 - 12*u - 17*u**2. Let o be f(-11). Let m(c) = 2*c**2 - c - 1. Calculate m(o).
5
Suppose 16*o - 12*o - 48 = 0. Let h be o/3 + 0 + 1. Let s(n) = n**3 - 6*n**2 + 7*n - 2. Give s(h).
8
Let r = 0 - -1. Let c(o) = -r - 3 - 1 + 7*o - 1. Let b(d) = 20*d - 17. Let p(n) = -6*b(n) + 17*c(n). What is p(2)?
-2
Let h(s) = -s**2 - 2*s - 6. Let r(o) = -o